Calculate the remainder when 164148459 is divided by 5515.
5514
What is the remainder when 49941432 is divided by 150?
132
What is the remainder when 314450 is divided by 1747?
1737
Calculate the remainder when 64208 is divided by 15930.
488
Calculate the remainder when 1734049 is divided by 577534.
1447
Calculate the remainder when 820099 is divided by 812.
791
What is the remainder when 1134325 is divided by 335?
15
What is the remainder when 17808 is divided by 1181?
93
What is the remainder when 9373 is divided by 9259?
114
Calculate the remainder when 576211 is divided by 96.
19
What is the remainder when 86759859 is divided by 220?
219
Calculate the remainder when 112039632 is divided by 11.
1
Calculate the remainder when 270953 is divided by 270485.
468
Calculate the remainder when 175329302 is divided by 31.
29
What is the remainder when 404824 is divided by 134905?
109
What is the remainder when 3784932 is divided by 12491?
159
Calculate the remainder when 129492 is divided by 17996.
3520
Calculate the remainder when 168369598 is divided by 350.
348
What is the remainder when 232933 is divided by 9594?
2677
What is the remainder when 22369532 is divided by 25801?
65
What is the remainder when 91225 is divided by 3795?
145
What is the remainder when 369568 is divided by 33368?
2520
Calculate the remainder when 896698 is divided by 128091.
61
Calculate the remainder when 3733703 is divided by 1122.
809
What is the remainder when 150447449 is divided by 3189?
3185
Calculate the remainder when 20338115 is divided by 84.
35
Calculate the remainder when 649571351 is divided by 6.
5
What is the remainder when 46984 is divided by 59?
20
Calculate the remainder when 2871099 is divided by 121.
11
What is the remainder when 67551457 is divided by 33775721?
15
Calculate the remainder when 5272883 is divided by 7576.
7563
Calculate the remainder when 10043371 is divided by 1673891.
25
Calculate the remainder when 29056 is divided by 1736.
1280
What is the remainder when 819744 is divided by 1924?
120
What is the remainder when 750788 is divided by 1173?
68
Calculate the remainder when 4060711 is divided by 4060697.
14
Calculate the remainder when 256922 is divided by 3336.
50
What is the remainder when 435658 is divided by 20737?
181
What is the remainder when 138063226 is divided by 3001374?
22
What is the remainder when 601570 is divided by 484?
442
Calculate the remainder when 8899879 is divided by 239.
236
What is the remainder when 164750 is divided by 1536?
398
What is the remainder when 188750399 is divided by 8495?
8489
Calculate the remainder when 7049638 is divided by 1423.
96
What is the remainder when 123903 is divided by 30651?
1299
Calculate the remainder when 57436 is divided by 180.
16
Calculate the remainder when 1311609 is divided by 437144.
177
Calculate the remainder when 160165387 is divided by 14.
11
What is the remainder when 67697699 is divided by 28?
27
Calculate the remainder when 586600 is divided by 45123.
1
What is the remainder when 74759373 is divided by 89?
85
What is the remainder when 3531709 is divided by 318?
1
Calculate the remainder when 28206451 is divided by 14103182.
87
Calculate the remainder when 11807 is divided by 11577.
230
Calculate the remainder when 1340599 is divided by 946.
117
Calculate the remainder when 684413 is divided by 1777.
268
Calculate the remainder when 18639166 is divided by 41.
33
Calculate the remainder when 205830 is divided by 256.
6
Calculate the remainder when 251137 is divided by 6765.
832
Calculate the remainder when 98111231 is divided by 4656.
4655
Calculate the remainder when 223176 is divided by 6210.
5826
Calculate the remainder when 272516 is divided by 3784.
68
Calculate the remainder when 136095565 is divided by 124.
109
Calculate the remainder when 15720612 is divided by 345.
342
What is the remainder when 449856 is divided by 479?
75
What is the remainder when 200531 is divided by 66804?
119
What is the remainder when 2948293 is divided by 8122?
7
Calculate the remainder when 532897 is divided by 59049.
1456
Calculate the remainder when 174329425 is divided by 57.
55
What is the remainder when 521721 is divided by 514?
11
What is the remainder when 63642417 is divided by 4716?
4713
What is the remainder when 1222833 is divided by 407589?
66
What is the remainder when 1444469 is divided by 3732?
185
Calculate the remainder when 3170000 is divided by 1198.
92
Calculate the remainder when 23530979 is divided by 2614553.
2
What is the remainder when 159647 is divided by 17679?
536
What is the remainder when 378083 is divided by 1056?
35
What is the remainder when 62362481 is divided by 78?
77
What is the remainder when 1262638 is divided by 126251?
128
Calculate the remainder when 1685083 is divided by 12475.
958
Calculate the remainder when 74533 is divided by 6693.
910
Calculate the remainder when 3110772 is divided by 423.
30
What is the remainder when 956051 is divided by 4287?
50
Calculate the remainder when 1997161 is divided by 399384.
241
Calculate the remainder when 69667076 is divided by 29.
28
Calculate the remainder when 15579312 is divided by 923.
918
What is the remainder when 109532 is divided by 752?
492
What is the remainder when 6634740 is divided by 250?
240
What is the remainder when 491492 is divided by 245532?
428
Calculate the remainder when 71657 is divided by 639.
89
What is the remainder when 55662019 is divided by 1068?
1063
Calculate the remainder when 52123594 is divided by 21.
19
Calculate the remainder when 1991661 is divided by 18968.
21
What is the remainder when 429052 is divided by 429034?
18
Calculate the remainder when 1478787 is divided by 80.
67
Calculate the remainder when 20261482 is divided by 151205.
12
What is the remainder when 12969586 is divided by 1852798?
0
Calculate the remainder when 10417387 is divided by 231496.
67
Calculate the remainder when 16565644 is divided by 190407.
235
Calculate the remainder when 299754 is divided by 523.
75
Calculate the remainder when 10050222 is divided by 699.
0
What is the remainder when 1019085 is divided by 1460?
5
What is the remainder when 494463 is divided by 428?
123
Calculate the remainder when 25039475 is divided by 3223.
3211
What is the remainder when 200947 is divided by 6696?
67
What is the remainder when 9751301 is divided by 1083471?
62
What is the remainder when 596584 is divided by 19884?
64
What is the remainder when 57415 is divided by 8122?
561
Calculate the remainder when 40469453 is divided by 16.
13
Calculate the remainder when 561535 is divided by 112299.
40
What is the remainder when 25347167 is divided by 891?
890
Calculate the remainder when 499546 is divided by 233.
227
Calculate the remainder when 358760 is divided by 17937.
20
Calculate the remainder when 58359 is divided by 1998.
417
Calculate the remainder when 1148103 is divided by 4115.
18
Calculate the remainder when 347612615 is divided by 1742.
1741
What is the remainder when 1118349 is divided by 21100?
49
Calculate the remainder when 14842960 is divided by 73.
16
Calculate the remainder when 49586 is divided by 2706.
878
Calculate the remainder when 234328 is divided by 549.
454
Calculate the remainder when 51565 is divided by 213.
19
Calculate the remainder when 4497791 is divided by 544.
543
Calculate the remainder when 5226166 is divided by 51744.
22
Calculate the remainder when 8915714 is divided by 9.
8
Calculate the remainder when 87351919 is divided by 2680.
2679
Calculate the remainder when 39226 is divided by 13028.
142
What is the remainder when 1409133 is divided by 302?
1
Calculate the remainder when 427152 is divided by 491.
473
Calculate the remainder when 2581605 is divided by 67936.
37
What is the remainder when 4610 is divided by 2407?
2203
Calculate the remainder when 124501557 is divided by 91.
89
Calculate the remainder when 1890917 is divided by 17035.
32
What is the remainder when 34778343 is divided by 35?
33
Calculate the remainder when 28175227 is divided by 2163.
2152
Calculate the remainder when 11027790 is divided by 3481.
3463
What is the remainder when 429039 is divided by 2461?
825
Calculate the remainder when 46497347 is divided by 108.
107
What is the remainder w